{"id":7696,"date":"2025-11-28T20:39:50","date_gmt":"2025-11-28T20:39:50","guid":{"rendered":"https:\/\/alealudopress.com\/?post_type=product&#038;p=7696"},"modified":"2025-12-11T17:48:51","modified_gmt":"2025-12-11T17:48:51","slug":"revista-alea-43main-game-rules-english-translation-in-progress","status":"publish","type":"product","link":"https:\/\/alealudopress.com\/index.php\/product\/revista-alea-43main-game-rules-english-translation-in-progress\/","title":{"rendered":"Revista ALEA #43<br><center><img src=\"https:\/\/alealudopress.com\/wp-content\/uploads\/2020\/08\/flag-32.jpg\"><font color=\"red\">Main game rules English translation available<\/font><\/center>"},"content":{"rendered":"<p><strong>ART\u00cdCULOS DE CONTENIDO HIST\u00d3RICO<\/strong><br \/>\nP\u00e1g. 4. Brunete 1937. Laa Rep\u00fablica pasa a la ofensiva.<\/p>\n<p><strong>OTROS ART\u00cdCULOS<\/strong><br \/>\nP\u00e1g. 8.\u00a0 Brunete 1937. La batalla de la sed.<br \/>\nP\u00e1g. 10. Estrellas y puntos de victoria. El caso de Tarqui.<br \/>\nP\u00e1g. 12. Dessert of Struggle. Expansi\u00f3n de War Storm Series.<br \/>\nP\u00e1g. 14. Una Guerra Imposible. La Primera Guerra Carlista en el Norte, 1834- 1838.<br \/>\nP\u00e1g. 19. Una Guerra Imposible. Nuevas reglas opcionales.<br \/>\nP\u00e1g. 35. La Campa\u00f1a del Norte de \u00c1frica. Factores y Wargmes.<br \/>\nP\u00e1g. 45. La batalla de Filipos (42 a.C.). Escenario oficial para ONUS!<br \/>\nP\u00e1g. 47. Frente Bieloruso. Escenario oficial para Poland&#8217;39.<br \/>\nP\u00e1g. 48. El estreno del 653\u00ba s.panzerj\u00e4gerabteilung. Escenario figuras 2\u00aaGM.<br \/>\nP\u00e1g. 50. \u00bfPorqu\u00e9 hab\u00e9is tardado tanto?. Escenario para ASL<\/p>\n<p><strong>ENGLISH TRANSLATION, MAIN GAME RULES &amp; PLAYER&#8217;S HELP SHEET<\/strong><\/p>\n","protected":false},"excerpt":{"rendered":"<p>Tama\u00f1o: 205 x 290 mm.<br \/>\nP\u00e1ginas: 48 a color m\u00e1s 1 en la parte central con elementos del juego encartado.<\/p>\n<p><strong>JUEGO CENTRAL<\/strong><br \/>\nJuego encartado: Brunete 1937. La Rep\u00fablica pasa a la ofensiva<br \/>\nOperacional<br \/>\nPeriodo hist\u00f3rico: Guerra Civil Espa\u00f1ola.<br \/>\n16 p\u00e1ginas de reglas, ejemplos y notas de dise\u00f1o.<br \/>\n1 mapa de la batalla, tama\u00f1o 580 x 410 mm.y 1 hoja de ayuda con tablas<br \/>\n216 fichas y marcadores troquelados.<\/p>\n","protected":false},"featured_media":7709,"template":"","meta":[],"product_cat":[87],"product_tag":[98],"etheme_brands":{"errors":{"invalid_taxonomy":["Taxonom\u00eda no v\u00e1lida."]},"error_data":[]},"_links":{"self":[{"href":"https:\/\/alealudopress.com\/index.php\/wp-json\/wp\/v2\/product\/7696"}],"collection":[{"href":"https:\/\/alealudopress.com\/index.php\/wp-json\/wp\/v2\/product"}],"about":[{"href":"https:\/\/alealudopress.com\/index.php\/wp-json\/wp\/v2\/types\/product"}],"version-history":[{"count":13,"href":"https:\/\/alealudopress.com\/index.php\/wp-json\/wp\/v2\/product\/7696\/revisions"}],"predecessor-version":[{"id":7753,"href":"https:\/\/alealudopress.com\/index.php\/wp-json\/wp\/v2\/product\/7696\/revisions\/7753"}],"wp:featuredmedia":[{"embeddable":true,"href":"https:\/\/alealudopress.com\/index.php\/wp-json\/wp\/v2\/media\/7709"}],"wp:attachment":[{"href":"https:\/\/alealudopress.com\/index.php\/wp-json\/wp\/v2\/media?parent=7696"}],"wp:term":[{"taxonomy":"product_cat","embeddable":true,"href":"https:\/\/alealudopress.com\/index.php\/wp-json\/wp\/v2\/product_cat?post=7696"},{"taxonomy":"product_tag","embeddable":true,"href":"https:\/\/alealudopress.com\/index.php\/wp-json\/wp\/v2\/product_tag?post=7696"}],"curies":[{"name":"wp","href":"https:\/\/api.w.org\/{rel}","templated":true}]}}